{"id":436,"date":"2024-07-01T21:37:05","date_gmt":"2024-07-01T19:37:05","guid":{"rendered":"https:\/\/chretiensmonderural49.fr\/?page_id=436"},"modified":"2024-10-22T21:45:38","modified_gmt":"2024-10-22T19:45:38","slug":"le-cmr-un-mouvement-daction-catholique-et-deducation-populaire","status":"publish","type":"page","link":"https:\/\/chretiensmonderural49.fr\/index.php\/le-cmr-un-mouvement-daction-catholique-et-deducation-populaire\/","title":{"rendered":"Le CMR un mouvement rural d&rsquo;action catholique"},"content":{"rendered":"\n<div class=\"wp-block-media-text is-stacked-on-mobile\" style=\"grid-template-columns:39% auto\"><figure class=\"wp-block-media-text__media\"><img loading=\"lazy\" decoding=\"async\" width=\"1024\" height=\"751\" src=\"http:\/\/chretiensmonderural49.fr\/wp-content\/uploads\/2024\/07\/Logo-CMR-2024-GENERIQUE-Baseline-1024x751.jpg\" alt=\"\" class=\"wp-image-529 size-full\" srcset=\"https:\/\/chretiensmonderural49.fr\/wp-content\/uploads\/2024\/07\/Logo-CMR-2024-GENERIQUE-Baseline-1024x751.jpg 1024w, https:\/\/chretiensmonderural49.fr\/wp-content\/uploads\/2024\/07\/Logo-CMR-2024-GENERIQUE-Baseline-300x220.jpg 300w, https:\/\/chretiensmonderural49.fr\/wp-content\/uploads\/2024\/07\/Logo-CMR-2024-GENERIQUE-Baseline-768x563.jpg 768w, https:\/\/chretiensmonderural49.fr\/wp-content\/uploads\/2024\/07\/Logo-CMR-2024-GENERIQUE-Baseline-1536x1126.jpg 1536w, https:\/\/chretiensmonderural49.fr\/wp-content\/uploads\/2024\/07\/Logo-CMR-2024-GENERIQUE-Baseline.jpg 1772w\" sizes=\"auto, (max-width: 1024px) 100vw, 1024px\" \/><\/figure><div class=\"wp-block-media-text__content\">\n<div class=\"wp-block-group alignwide is-vertical is-layout-flex wp-container-core-group-is-layout-b7faace9 wp-block-group-is-layout-flex\">\n<div class=\"wp-block-group is-vertical is-layout-flex wp-container-core-group-is-layout-0abfb586 wp-block-group-is-layout-flex\">\n<h1 class=\"wp-block-heading has-text-align-center\">Mouvement d\u2019\u00c9ducation populaire et d&rsquo;Action catholique, l&rsquo;association Chr\u00e9tiens dans le Monde Rural du Maine et Loire lutte pour un monde plus humain.<\/h1>\n\n\n\n<h1 class=\"wp-block-heading has-text-align-center\">Il est un lieu o\u00f9 il est possible de vivre ensemble la recherche du bien commun.<\/h1>\n\n\n\n<h1 class=\"wp-block-heading has-text-align-center\">Dans un monde en mutation, le CMR doit s&rsquo;ajuster en permanence. Ainsi, lors de son dernier congr\u00e8s, le CMR a r\u00e9\u00e9crit ses priorit\u00e9s, pour les 5 ans \u00e0 venir. L&rsquo;observation de diff\u00e9rents champs d&rsquo;actions de notre soci\u00e9t\u00e9, \u00e0 travers six fiches th\u00e9matiques \u00ab\u00a0Les chemins des possibles\u00a0\u00bb a permis d&rsquo;identifier les nouveaux d\u00e9fis et enjeux \u00e0 prendre en compte pour donner sens et efficacit\u00e9 \u00e0 notre slogan : <mark style=\"background-color:rgba(0, 0, 0, 0);color:#90b50e\" class=\"has-inline-color\">\u00ab\u00a0Cr\u00e9ateur d&rsquo;une autre humanit\u00e9, passeurs d&rsquo;esp\u00e9rance\u00a0\u00bb<\/mark>.<\/h1>\n<\/div>\n<\/div>\n<\/div><\/div>\n\n\n\n<p><\/p>\n","protected":false},"excerpt":{"rendered":"","protected":false},"author":2,"featured_media":0,"parent":0,"menu_order":0,"comment_status":"closed","ping_status":"closed","template":"","meta":{"footnotes":"[]"},"class_list":["post-436","page","type-page","status-publish","hentry","entry"],"_links":{"self":[{"href":"https:\/\/chretiensmonderural49.fr\/index.php\/wp-json\/wp\/v2\/pages\/436","targetHints":{"allow":["GET"]}}],"collection":[{"href":"https:\/\/chretiensmonderural49.fr\/index.php\/wp-json\/wp\/v2\/pages"}],"about":[{"href":"https:\/\/chretiensmonderural49.fr\/index.php\/wp-json\/wp\/v2\/types\/page"}],"author":[{"embeddable":true,"href":"https:\/\/chretiensmonderural49.fr\/index.php\/wp-json\/wp\/v2\/users\/2"}],"replies":[{"embeddable":true,"href":"https:\/\/chretiensmonderural49.fr\/index.php\/wp-json\/wp\/v2\/comments?post=436"}],"version-history":[{"count":7,"href":"https:\/\/chretiensmonderural49.fr\/index.php\/wp-json\/wp\/v2\/pages\/436\/revisions"}],"predecessor-version":[{"id":991,"href":"https:\/\/chretiensmonderural49.fr\/index.php\/wp-json\/wp\/v2\/pages\/436\/revisions\/991"}],"wp:attachment":[{"href":"https:\/\/chretiensmonderural49.fr\/index.php\/wp-json\/wp\/v2\/media?parent=436"}],"curies":[{"name":"wp","href":"https:\/\/api.w.org\/{rel}","templated":true}]}}

<div class="wp-block-media-text is-stacked-on-mobile" style="grid-template-columns:39% auto"><figure class="wp-block-media-text__media"><img loading="lazy" decoding="async" width="1024" height="751" src="http://chretiensmonderural49.fr/wp-content/uploads/2024/07/Logo-CMR-2024-GENERIQUE-Baseline-1024x751.jpg" alt="" class="wp-image-529 size-full" srcset="https://chretiensmonderural49.fr/wp-content/uploads/2024/07/Logo-CMR-2024-GENERIQUE-Baseline-1024x751.jpg 1024w, https://chretiensmonderural49.fr/wp-content/uploads/2024/07/Logo-CMR-2024-GENERIQUE-Baseline-300x220.jpg 300w, https://chretiensmonderural49.fr/wp-content/uploads/2024/07/Logo-CMR-2024-GENERIQUE-Baseline-768x563.jpg 768w, https://chretiensmonderural49.fr/wp-content/uploads/2024/07/Logo-CMR-2024-GENERIQUE-Baseline-1536x1126.jpg 1536w, https://chretiensmonderural49.fr/wp-content/uploads/2024/07/Logo-CMR-2024-GENERIQUE-Baseline.jpg 1772w" sizes="auto, (max-width: 1024px) 100vw, 1024px" /></figure><div class="wp-block-media-text__content">
<div class="wp-block-group alignwide is-vertical is-layout-flex wp-container-core-group-is-layout-b7faace9 wp-block-group-is-layout-flex">
<div class="wp-block-group is-vertical is-layout-flex wp-container-core-group-is-layout-0abfb586 wp-block-group-is-layout-flex">
<h1 class="wp-block-heading has-text-align-center">Mouvement d’Éducation populaire et d&rsquo;Action catholique, l&rsquo;association Chrétiens dans le Monde Rural du Maine et Loire lutte pour un monde plus humain.</h1>



<h1 class="wp-block-heading has-text-align-center">Il est un lieu où il est possible de vivre ensemble la recherche du bien commun.</h1>



<h1 class="wp-block-heading has-text-align-center">Dans un monde en mutation, le CMR doit s&rsquo;ajuster en permanence. Ainsi, lors de son dernier congrès, le CMR a réécrit ses priorités, pour les 5 ans à venir. L&rsquo;observation de différents champs d&rsquo;actions de notre société, à travers six fiches thématiques « Les chemins des possibles » a permis d&rsquo;identifier les nouveaux défis et enjeux à prendre en compte pour donner sens et efficacité à notre slogan : <mark style="background-color:rgba(0, 0, 0, 0);color:#90b50e" class="has-inline-color">« Créateur d&rsquo;une autre humanité, passeurs d&rsquo;espérance »</mark>.</h1>
</div>
</div>
</div></div>



<p></p>
